the thousands digit of 2653507?
3
What is the tens digit of 456106?
0
What is the thousands digit of 2635003?
5
What is the hundreds digit of 4088353?
3
What is the ten thousands digit of 5059585?
5
What is the units digit of 270582?
2
What is the hundred thousands digit of 2741248?
7
What is the thousands digit of 167784?
7
What is the hundreds digit of 314340?
3
What is the thousands digit of 115399?
5
What is the hundred thousands digit of 17498854?
4
What is the units digit of 52276?
6
What is the thousands digit of 675788?
5
What is the units digit of 10072906?
6
What is the units digit of 197626?
6
What is the units digit of 192906?
6
What is the thousands digit of 95048?
5
What is the hundred thousands digit of 798217?
7
What is the hundred thousands digit of 1564119?
5
What is the hundreds digit of 2313801?
8
What is the millions digit of 25273987?
5
What is the ten thousands digit of 1171393?
7
What is the millions digit of 2082379?
2
What is the hundreds digit of 224433?
4
What is the hundreds digit of 161320?
3
What is the millions digit of 1346015?
1
What is the ten thousands digit of 16743161?
4
What is the millions digit of 2238178?
2
What is the millions digit of 17094357?
7
What is the thousands digit of 261101?
1
What is the ten thousands digit of 4553506?
5
What is the hundreds digit of 1396718?
7
What is the hundreds digit of 25913?
9
What is the tens digit of 25808?
0
What is the hundreds digit of 6039716?
7
What is the hundred thousands digit of 16290603?
2
What is the ten thousands digit of 1926795?
2
What is the units digit of 5419570?
0
What is the tens digit of 697940?
4
What is the tens digit of 889101?
0
What is the millions digit of 7743471?
7
What is the millions digit of 11641828?
1
What is the tens digit of 1785479?
7
What is the tens digit of 513320?
2
What is the hundred thousands digit of 282817?
2
What is the tens digit of 216470?
7
What is the ten thousands digit of 379282?
7
What is the hundreds digit of 46447?
4
What is the units digit of 125009?
9
What is the ten thousands digit of 1413337?
1
What is the hundreds digit of 231677?
6
What is the ten thousands digit of 186940?
8
What is the hundreds digit of 16390?
3
What is the hundreds digit of 422357?
3
What is the hundred thousands digit of 1793081?
7
What is the millions digit of 2544023?
2
What is the hundreds digit of 11772046?
0
What is the units digit of 3028902?
2
What is the hundreds digit of 695507?
5
What is the millions digit of 1348664?
1
What is the ten thousands digit of 2814341?
1
What is the hundred thousands digit of 414875?
4
What is the tens digit of 13386827?
2
What is the hundreds digit of 1555970?
9
What is the hundreds digit of 252647?
6
What is the thousands digit of 1634354?
4
What is the ten thousands digit of 12293658?
9
What is the hundred thousands digit of 15149614?
1
What is the thousands digit of 164988?
4
What is the millions digit of 3529383?
3
What is the units digit of 3161175?
5
What is the hundreds digit of 1168963?
9
What is the hundreds digit of 1828265?
2
What is the hundred thousands digit of 209782?
2
What is the units digit of 7072024?
4
What is the thousands digit of 6543?
6
What is the hundred thousands digit of 25494669?
4
What is the hundreds digit of 141549?
5
What is the ten thousands digit of 147906?
4
What is the ten thousands digit of 79109?
7
What is the tens digit of 1028133?
3
What is the hundred thousands digit of 6981931?
9
What is the thousands digit of 2974449?
4
What is the millions digit of 16557420?
6
What is the ten thousands digit of 73474?
7
What is the tens digit of 397393?
9
What is the hundred thousands digit of 344645?
3
What is the thousands digit of 8796?
8
What is the hundreds digit of 4011883?
8
What is the hundred thousands digit of 8016048?
0
What is the thousands digit of 345088?
5
What is the tens digit of 42096308?
0
What is the tens digit of 4133124?
2
What is the hundred thousands digit of 423210?
4
What is the ten thousands digit of 414933?
1
What is the ten thousands digit of 274613?
7
What is the thousands digit of 8780?
8
What is the units digit of 967188?
8
What is the hundred thousands digit of 839818?
8
What is the thousands digit of 31133?
1
What is the thousands digit of 2721135?
1
What is the thousands digit of 4598075?
8
What is the hundreds digit of 4443938?
9
What is the millions digit of 1374209?
1
What is the tens digit of 769105?
0
What is the units digit of 2406339?
9
What is the millions digit of 1847158?
1
What is the millions digit of 2648527?
2
What is the tens digit of 2358745?
4
What is the units digit of 1374227?
7
What is the tens digit of 1904196?
9
What is the thousands digit of 494496?
4
What is the hundred thousands digit of 12076880?
0
What is the thousands digit of 254646?
4
What is the hundreds digit of 4195057?
0
What is the hundreds digit of 928116?
1
What is the hundred thousands digit of 283820?
2
What is the ten thousands digit of 665589?
6
What is the hundreds digit of 17611?
6
What is the tens digit of 9499382?
8
What is the thousands digit of 274737?
4
What is the thousands digit of 386600?
6
What is the thousands digit of 24213?
4
What is the thousands digit of 4080082?
0
What is the units digit of 1782792?
2
What is the ten millions digit of 22466520?
2
What is the thousands digit of 131273?
1
What is the thousands digit of 26064824?
4
What is the thousands digit of 1475753?
5
What is the tens digit of 208551?
5
What is the tens digit of 30990771?
7
What is the hundreds digit of 70338?
3
What is the units digit of 12682722?
2
What is the ten thousands digit of 477694?
7
What is the hundred thousands digit of 1101831?
1
What is the thousands digit of 7947?
7
What is the ten thousands digit of 8926102?
2
What is the tens digit of 741313?
1
What is the hundreds digit of 6248006?
0
What is the hundred thousands digit of 861893?
8
What is the ten thousands digit of 485999?
8
What is the thousands digit of 271383?
1
What is the hundreds digit of 67363?
3
What is the hundred thousands digit of 1816871?
8
What is the tens digit of 78020?
2
What is the hundred thousands digit of 532808?
5
What is the thousands digit of 19745682?
5
What is the thousands digit of 280981?
0
What is the hundreds digit of 2273610?
6
What is the units digit of 417310?
0
What is the thousands digit of 35048847?
8
What is the hundred thousands digit of 117806?
1
What is the units digit of 283342?
2
What is the units digit of 5514675?
5
What is the units digit of 5981406?
6
What is the ten thousands digit of 313729?
1
What is the millions digit of 16021388?
6
What is the thousands digit of 34685949?
5
What is the ten thousands digit of 690806?
9
What is the ten thousands digit of 277466?
7
What is the units digit of 191404?
4
What is the hundred thousands digit of 808333?
8
What is the units digit of 4616978?
8
What is the tens digit of 2509595?
9
What is the ten thousands digit of 3457737?
5
What is the thousands digit of 29771?
9
What is the hundreds digit of 1294?
2
What is the millions digit of 11384064?
1
What is the thousands digit of 2165622?
5
What is the hundreds digit of 4719609?
6
What is the thousands digit of 3581104?
1
What is the tens digit of 94174?
7
What is the thousands digit of 336408?
6
What is the units digit of 106096?
6
What is the hundreds digit of 17023357?
3
What is the hundreds digit of 4623867?
8
What is the units digit of 413175?
5
What is the tens digit of 1073382?
8
What is the ten thousands digit of 188730?
8
What is the units digit of 5107367?
7
What is the ten thousands digit of 274379?
7
What is the millions digit of 24073451?
4
What is the hundreds digit of 385323?
3
What is the thousands digit of 1053640?
3
What is the units digit of 289803?
3
What is the hundred thousands digit of 6864589?
8
What is the hundreds digit of 10925286?
2
What is the ten thousands digit of 9786722?
8
What is the thousands digit of 7454459?
4
What is the thousands digit of 858781?
8
What is the units digit of 169604?
4
What is the hundreds digit of 4501277?
2
What is the thousands digit of 434518?
4
What is the millions digit of 11366918?
1
What is the hundred thousands digit of 7559036?
5
What is the units digit of 348247?
7
What is the ten thousan